= 2*v + 12 - 8. Let p be 2*((-35)/10 - v). Let u(w) = -5*w - 9. What are the prime factors of u(p)?
2, 3
Let j = 86 - 41. Let i = 71 + j. What are the prime factors of i?
2, 29
List the prime factors of 5/(-20)*-519*784/42.
2, 7, 173
Let p(v) = -3*v - 17. Let o be p(-17). Let l be (-8)/12 + o/6. Suppose l*q = -4 + 19. What are the prime factors of q?
3
Suppose 8*b - 3*b - 145 = 0. Suppose 0 = 4*h - b + 5. Suppose 0 = -9*f + h*f + 114. List the prime factors of f.
2, 19
List the prime factors of (-36)/(-6) + 2 + 1726.
2, 3, 17
What are the prime factors of 6/57 + (3 - 29060/(-95))?
3, 103
Let b = 6 + -2. Let p = b + -2. Suppose -p*l + 15 + 27 = 0. List the prime factors of l.
3, 7
Suppose 0*h - 5*h = -10, 0 = 5*a - 3*h - 4284. What are the prime factors of a?
2, 3, 11, 13
Let k(n) be the first derivative of -n**4/4 + 10*n**3/3 - 5*n**2 - 4*n + 10. What are the prime factors of k(7)?
73
Let k(n) = n + 13. Let x be k(-8). Suppose 5*d - 225 = -x*m, -3*d + 5*d = 2*m - 70. List the prime factors of m.
2, 5
Suppose -2*b - 3*b - q + 1710 = 0, 4*b = -q + 1368. List the prime factors of b.
2, 3, 19
Suppose 10*k + 8*k - 4302 = 0. List the prime factors of k.
239
Suppose -7247 - 5053 = -5*a. List the prime factors of a.
2, 3, 5, 41
Let f(p) = -2*p - 16. Let h be f(-16). Let x(k) = k**2 + 4. Let i be x(5). Let u = i - h. What are the prime factors of u?
13
Suppose 988 = 7*u - 4017. List the prime factors of u.
5, 11, 13
Let o(l) = -l**3 - 10*l**2 + 6*l + 11. Let w(t) = t**2 + 11*t + 19. Let a be w(-6). List the prime factors of o(a).
2, 3, 11
Let o be -2 + -1 + 24/4. Suppose 0 = -o*w + 22 + 8. Suppose -5*r - w = -10*r. List the prime factors of r.
2
Let b be 5 + (-9)/(-6)*-2. Suppose l - b = -2*l + 4*y, 2*y = 2*l - 2. Suppose d - 36 = -l*d. What are the prime factors of d?
2, 3
Suppose -3*a - 247 = -964. What are the prime factors of a?
239
Let f = -11 - -15. Let o be (22/f)/((-1)/(-4)). Let j = o - 10. What are the prime factors of j?
2, 3
Let c = -2589 + 4478. What are the prime factors of c?
1889
Let a(l) = -l**3 - 8*l**2 - 14*l + 35. What are the prime factors of a(-11)?
2, 3, 23
Suppose 5*z = j + 839, -4*j = 4*z - 221 - 455. What are the prime factors of z?
2, 3, 7
Suppose 3*j - 13 = -4*w, 0 = -3*j - 4*w + w + 15. Suppose -64 + 554 = j*u. List the prime factors of u.
2, 5, 7
Suppose -4 = -2*h - 6. Let d(b) = 30*b**2 - b. What are the prime factors of d(h)?
31
Let f(k) be the third derivative of -k**6/120 - k**5/20 - k**4/12 + 28*k**3/3 - 29*k**2. List the prime factors of f(0).
2, 7
What are the prime factors of (4*3/6)/((-12)/(-1680))?
2, 5, 7
What are the prime factors of 1023 + 0 - 84/12?
2, 127
Suppose 122*s - 169*s + 73508 = 0. List the prime factors of s.
2, 17, 23
Suppose 4*x - 191 = k + 47, 3*k = 4*x - 234. Suppose 0 = 36*s - 40*s + x. List the prime factors of s.
3, 5
Let f = -98 - -70. List the prime factors of f/(-2)*(-96)/(-28).
2, 3
Suppose -4*d + 6*k - 4*k + 26 = 0, 0 = -5*d + 5*k + 45. Suppose 0 = -g + t - 2, d = -2*g - 7*t + 2*t. Let x(l) = -17*l + 6. List the prime factors of x(g).
2, 5
Suppose 3*x - 245 = -5*n + 167, 4*x + 4 = 0. Suppose 6*a - 103 = n. What are the prime factors of a?
31
Suppose -5*s + 0*l + 870 = -2*l, 0 = 2*s - 5*l - 327. Let k be (1/2)/(2/s). Let c = k + -28. List the prime factors of c.
2
Let s = -19 + 22. Suppose 192 = s*m + 2*a, 2*a + a = 3*m - 207. List the prime factors of m.
2, 3, 11
What are the prime factors of (5 - 369/(-12))/(12/336)?
7, 11, 13
Suppose -31 - 17 = -6*n. Suppose -n*j - 128 = -12*j. What are the prime factors of j?
2
Suppose 8*n - n = 14. Suppose -2*m = n*m, 0 = -b - 2*m + 51. List the prime factors of b.
3, 17
Let p = -1022 + 2025. List the prime factors of p.
17, 59
List the prime factors of 15/(-5)*823*(-1 + 0).
3, 823
Suppose 3 - 23 = 5*p. Let l = 4 + p. Let y(k) = k + 8. What are the prime factors of y(l)?
2
Suppose -4*c = 3190 + 2018. What are the prime factors of (-8)/200*5 - c/10?
2, 5, 13
Suppose 0 = -5*h - 2*v + 2012, 18*h = 13*h - 5*v + 2015. List the prime factors of h.
2, 3, 67
Let z(j) = j**3 + 8*j**2 + 31*j - 189. What are the prime factors of z(5)?
3, 97
Suppose 5*v + 3*d - 2938 = 2*d, 0 = 2*v + d - 1177. Let u = -365 + v. List the prime factors of u.
2, 3, 37
What are the prime factors of ((-5685)/(-4))/((-21)/(-56))?
2, 5, 379
Let d be 4/(-6) - (-200)/(-6). Let g be d/(-85) - 84/10. Let p(k) = k**3 + 8*k**2 - 2*k + 13. What are the prime factors of p(g)?
29
Suppose 0 = -5*v - d + 4091, -v = 4*d - 2*d - 820. List the prime factors of v.
2, 409
Suppose -10*y - 2318 = -11*y - n, -3*y - 2*n + 6958 = 0. What are the prime factors of y?
2, 3, 43
Suppose 0 = p - 4*q - 343 - 3, 5*p - 4*q = 1778. Suppose 5*i = -3*s + p, -i = 5*s - 13 - 63. What are the prime factors of i?
71
Suppose 0 = -18*n + 6*n + 1788. What are the prime factors of n?
149
Let z be 60 + (-3 - 1) - 2. Let u = z - 26. List the prime factors of u.
2, 7
Suppose 23 = -v - 40. Let i = v + 156. What are the prime factors of i?
3, 31
List the prime factors of 1850/3*(-15)/(-10).
5, 37
Let c = -813 + 2379. List the prime factors of c.
2, 3, 29
Let v(c) = -c**3 + 7*c**2 + 3*c - 8. Let m(f) = 8 + 2*f + 0*f + 0*f - 25. Let l be m(12). What are the prime factors of v(l)?
13
Let t(y) = 136*y**2 - 2*y - 6. List the prime factors of t(-6).
2, 3, 19, 43
Let k(x) = x**2 + 8*x - 3. Let p be k(-9). Suppose -168 = -p*i + 624. List the prime factors of i.
2, 3, 11
Let b(m) = m - 12. Let t(d) = d - 1. Let y(c) = -b(c) + 2*t(c). Let i be y(-7). Suppose -2*l = 2*p - 84, i*l + 126 = 3*p - l. List the prime factors of p.
2, 3, 7
Let c be 65*1 - (-9)/9. Suppose 0 = -2*r + q + 63 + c, r - 37 = -5*q. List the prime factors of r.
2, 31
Suppose 0 = -5*z + 5*l + 910, 0 = -2*z + 3*l + 2*l + 352. What are the prime factors of z?
2, 3, 31
Suppose v - 26 = -3*t, -4*t = -t + 5*v - 46. Suppose 5*c - t = 8. Suppose 0*z + 66 = c*z. What are the prime factors of z?
2, 11
Let p be -3*1*(1 + 4). Let w = p - -21. Suppose a + 250 = w*a. What are the prime factors of a?
2, 5
Let z = -21 - -35. Let r(f) = 3*f. List the prime factors of r(z).
2, 3, 7
Let w(q) = -7528*q + 14. Let h be w(-7). Let t be (-4)/22 + h/231. Suppose -277 = -5*k - p + 103, -3*k + 4*p = -t. What are the prime factors of k?
2, 19
Let x be (-536)/(-104) + 2/(-13). Suppose 463 = 4*v - x*y - 508, -5*v - 5*y + 1270 = 0. What are the prime factors of v?
3, 83
Let d be (-131)/(-5) + 14/(-70). Suppose -6 = -n + d. What are the prime factors of n?
2
Let w(l) = 2*l**3 + 3*l**2 + 5*l + 3. Let o be w(-2). List the prime factors of (105*1)/1 - 11/o.
2, 53
Let u(v) = v**3 - v**2 + 4*v + 14. Let o(f) = f**2 + 2*f - 2. Let m be o(2). List the prime factors of u(m).
2, 109
What are the prime factors of 12 + (-10209)/(-18) - 1/6?
3, 193
Suppose 0 = d + 5, -107 - 198 = -4*r + d. List the prime factors of r.
3, 5
What are the prime factors of (-15)/(-3)*-1 + 425 + 5?
5, 17
Let q(f) = 71*f + 20. Let i be q(6). Suppose i = 4*n + 62. What are the prime factors of n?
2, 3
Let t(y) = y**3 - y**2 - 4*y + 3. Let a be t(0). Let x(h) = -6 + 2 + 8*h + 2. What are the prime factors of x(a)?
2, 11
List the prime factors of 2366100/770 - (-1)/7.
7, 439
Let u(x) = 12*x - 58. Let o(q) = -13*q + 57. Let h(z) = -4*o(z) - 5*u(z). What are the prime factors of h(-11)?
2, 3, 5
Let x = 56 - 56. Suppose x = 13*v - 4*v - 567. List the prime factors of v.
3, 7
Suppose 0 = -5*o - 68 + 1258. Let a = -161 + o. List the prime factors of a.
7, 11
List the prime factors of ((-3739)/(-2))/((-11)/(-22)) + -7.
2, 3, 311
Let i = 2312 - 1421. List the prime factors of i.
3, 11
What are the prime factors of ((-80)/(-120))/((3/6381)/1)?
2, 709
Let d(v) = -v**3 + 4*v**2 - v - 4. Let i be d(3). Suppose -3*f + 75 = -2*t - 2*t, -i*t - 69 = -3*f. List the prime factors of f.
3, 7
Let y = -1623 + 1727. List the prime factors of y.
2, 13
Suppose 2*m = -3*d + 4207, 4*m = 5*d + 5859 + 2566. List the prime factors of m.
5, 421
Suppose 2*f = 0, 3*z - 2*f - 30 = -3*f. Let r(c) = -c**2 + 23*c - 6. What are the prime factors of r(z)?
2, 31
Let x(w) = -20*w - 99. What are the prime factors of x(-24)?
3, 127
Let w(g) = -3*g**3 + 4*g**2 + 12*g + 26. Let d be w(-5). Let l = d + -309. List the prime factors of l.
2, 3, 11
Let g = 497 - 35. Suppose -15*p = -